What is the ten thousands digit of 33225?
3
What is the units digit of 21633?
3
What is the units digit of 1349?
9
What is the hundreds digit of 22545?
5
What is the units digit of 3687?
7
What is the ten thousands digit of 70611?
7
What is the units digit of 1085?
5
What is the units digit of 511?
1
What is the tens digit of 5940?
4
What is the thousands digit of 13182?
3
What is the tens digit of 14367?
6
What is the hundreds digit of 13686?
6
What is the units digit of 1209?
9
What is the hundreds digit of 452?
4
What is the tens digit of 10104?
0
What is the thousands digit of 3119?
3
What is the hundreds digit of 632?
6
What is the tens digit of 2958?
5
What is the units digit of 195660?
0
What is the hundreds digit of 994?
9
What is the thousands digit of 1752?
1
What is the tens digit of 1476?
7
What is the tens digit of 113002?
0
What is the tens digit of 9254?
5
What is the tens digit of 230?
3
What is the thousands digit of 9683?
9
What is the units digit of 4333?
3
What is the units digit of 232?
2
What is the units digit of 2750?
0
What is the hundreds digit of 158?
1
What is the units digit of 2431?
1
What is the units digit of 37031?
1
What is the ten thousands digit of 36817?
3
What is the ten thousands digit of 10222?
1
What is the ten thousands digit of 13991?
1
What is the tens digit of 3831?
3
What is the tens digit of 890?
9
What is the tens digit of 39962?
6
What is the units digit of 3393?
3
What is the thousands digit of 1096?
1
What is the thousands digit of 18265?
8
What is the hundreds digit of 2997?
9
What is the tens digit of 804?
0
What is the tens digit of 1798?
9
What is the units digit of 1536?
6
What is the tens digit of 93419?
1
What is the tens digit of 2243?
4
What is the tens digit of 472?
7
What is the tens digit of 6754?
5
What is the units digit of 1651?
1
What is the tens digit of 123?
2
What is the ten thousands digit of 39858?
3
What is the hundreds digit of 9222?
2
What is the ten thousands digit of 100486?
0
What is the units digit of 494?
4
What is the tens digit of 68813?
1
What is the thousands digit of 4493?
4
What is the thousands digit of 3306?
3
What is the thousands digit of 2200?
2
What is the tens digit of 530?
3
What is the thousands digit of 24785?
4
What is the hundreds digit of 5106?
1
What is the tens digit of 467?
6
What is the tens digit of 91?
9
What is the thousands digit of 21473?
1
What is the hundreds digit of 18756?
7
What is the tens digit of 21161?
6
What is the tens digit of 80679?
7
What is the thousands digit of 28719?
8
What is the hundreds digit of 771?
7
What is the units digit of 5126?
6
What is the units digit of 23556?
6
What is the units digit of 37442?
2
What is the hundreds digit of 1538?
5
What is the thousands digit of 1848?
1
What is the tens digit of 7283?
8
What is the hundreds digit of 58931?
9
What is the thousands digit of 32093?
2
What is the units digit of 365?
5
What is the tens digit of 3208?
0
What is the hundreds digit of 3315?
3
What is the ten thousands digit of 11186?
1
What is the units digit of 662?
2
What is the units digit of 9703?
3
What is the ten thousands digit of 19917?
1
What is the tens digit of 5834?
3
What is the ten thousands digit of 48900?
4
What is the tens digit of 118386?
8
What is the units digit of 198?
8
What is the hundreds digit of 4382?
3
What is the units digit of 3108?
8
What is the ten thousands digit of 151983?
5
What is the units digit of 1098?
8
What is the units digit of 7767?
7
What is the tens digit of 300?
0
What is the hundreds digit of 84368?
3
What is the tens digit of 839?
3
What is the tens digit of 84819?
1
What is the tens digit of 22089?
8
What is the thousands digit of 13863?
3
What is the hundreds digit of 41270?
2
What is the hundreds digit of 29355?
3
What is the units digit of 37562?
2
What is the units digit of 777?
7
What is the units digit of 40878?
8
What is the units digit of 32752?
2
What is the thousands digit of 192408?
2
What is the hundreds digit of 483?
4
What is the thousands digit of 2008?
2
What is the thousands digit of 24614?
4
What is the units digit of 499?
9
What is the tens digit of 4008?
0
What is the hundreds digit of 18008?
0
What is the units digit of 4717?
7
What is the tens digit of 692?
9
What is the tens digit of 39?
3
What is the tens digit of 53843?
4
What is the hundreds digit of 36551?
5
What is the hundreds digit of 3396?
3
What is the hundreds digit of 522?
5
What is the units digit of 1481?
1
What is the ten thousands digit of 57564?
5
What is the tens digit of 728?
2
What is the units digit of 22038?
8
What is the hundreds digit of 79432?
4
What is the hundreds digit of 1326?
3
What is the ten thousands digit of 25648?
2
What is the hundreds digit of 42074?
0
What is the hundreds digit of 351?
3
What is the units digit of 1900?
0
What is the thousands digit of 78222?
8
What is the thousands digit of 4823?
4
What is the thousands digit of 11547?
1
What is the ten thousands digit of 27362?
2
What is the tens digit of 10158?
5
What is the units digit of 6168?
8
What is the units digit of 625?
5
What is the tens digit of 2113?
1
What is the tens digit of 8897?
9
What is the hundreds digit of 17508?
5
What is the hundreds digit of 206?
2
What is the units digit of 70184?
4
What is the tens digit of 15091?
9
What is the ten thousands digit of 95838?
9
What is the units digit of 5215?
5
What is the units digit of 3562?
2
What is the thousands digit of 2981?
2
What is the tens digit of 786?
8
What is the units digit of 20831?
1
What is the ten thousands digit of 147267?
4
What is the tens digit of 13829?
2
What is the hundreds digit of 4586?
5
What is the tens digit of 3392?
9
What is the hundreds digit of 332?
3
What is the thousands digit of 2695?
2
What is the units digit of 1260?
0
What is the thousands digit of 13991?
3
What is the hundreds digit of 1307?
3
What is the thousands digit of 20178?
0
What is the tens digit of 985?
8
What is the hundreds digit of 3857?
8
What is the units digit of 2094?
4
What is the thousands digit of 15815?
5
What is the tens digit of 54261?
6
What is the tens digit of 859?
5
What is the tens digit of 3169?
6
What is the tens digit of 1207?
0
What is the hundreds digit of 12996?
9
What is the hundreds digit of 37611?
6
What is the units digit of 7411?
1
What is the hundreds digit of 16558?
5
What is the tens digit of 5942?
4
What is the hundreds digit of 17466?
4
What is the tens digit of 11609?
0
What is the tens digit of 718?
1
What is the units digit of 7615?
5
What is the units digit of 1762?
2
What is the hundreds digit of 703?
7
What is the tens digit of 51830?
3
What is the tens digit of 2467?
6
What is the tens digit of 66862?
6
What is the units digit of 827?
7
What is the units digit of 40564?
4
What is the hundreds digit of 113760?
7
What is the tens digit of 12143?
4
What is the ten thousands digit of 15831?
1
What is the tens digit of 113940?
4
What is the units digit of 36885?
5
What is the thousands digit of 1357?
1
What is the ten thousands digit of 27143?
2
What is the hundreds digit of 672?
6
What is the thousands digit of 3635?
3
What is the thousands digit of 1693?
1
What is the tens digit of 19335?
3
What is the ten thousands digit of 14747?
1
What is the hundreds digit of 7173?
1
What is the tens digit of 1887?
8
What is the ten thousands digit of 88779?
8
What is the tens digit of 1625?
2
What is the units digit of 3696?
6
What is the hundreds digit of 9906?
9
What is the ten thousands digit of 16956?
1
What is the tens digit of 124?
2
What is the units digit of 1555?
5
What is the units digit of 876?
6
What is the thousands digit of 1069?
1
What is the units digit of 2673?
3
What is the tens digit of 196?
9
What is the hundreds digit of 1203?
2
What is the tens digit of 2223?
2
What is the hundreds digit of 726?
7
What is the units digit of 1800?
0
What is the units digit of 8984?
4
What is the hundreds digit of 1577?
5
What is the hundreds digit of 160?
1
What is the units digit of 395?
5
What is the units digit of 6043?
3
What is the units digit of 7669?
9
What is the hundreds digit of 1755?
7
What is the units digit of 21661?
1
What is the tens digit of 1452?
5
What is the tens digit of 49?
4
What is the 